{"id":3431,"date":"2024-09-12T12:10:37","date_gmt":"2024-09-12T10:10:37","guid":{"rendered":"https:\/\/gresol.org\/event\/xxiii-jornada-gresol\/"},"modified":"2024-11-08T12:23:46","modified_gmt":"2024-11-08T11:23:46","slug":"xxiii-jornada-gresol","status":"publish","type":"tribe_events","link":"https:\/\/gresol.org\/es\/event\/xxiii-jornada-gresol\/","title":{"rendered":"XXIII Jornada Gresol"},"content":{"rendered":"<p style=\"text-align: center;\"><strong>M\u00e1s de doscientos empresarios han asistido a la XXIII Jornada Gresol que se ha celebrado hoy en la marina Puerto Tarraco para debatir sobre Econom\u00eda, Innovaci\u00f3n, Talento y Liderazgo<\/strong><\/p>\n<p>&nbsp;<\/p>\n<p>El foro econ\u00f3mico l\u00edder en la Catalu\u00f1a Nueva ha contado con destacados ponentes del panorama empresarial como son el CIO de ESADE, Ivan Bofarull; el presidente y CEO del Grupo Mediapro, Tatxo Benet; el decano del Colegio de Economistas de Barcelona, Carles Puig de Travy; el nuevo director general de Energ\u00eda de la Generalitat de Catalu\u00f1a, Josep M. Serena; o el presidente de la Conferencia de Consejos Sociales de las Universidades Espa\u00f1olas, Antonio Abril; entre otros.<\/p>\n<p>Tarragona, 24 de octubre 2024. \u201cInnovaci\u00f3n, Talento y Liderazgo. Gresol 30 a\u00f1os\u201d es el lema que ha encabezado la XXIII Jornada Gresol, organizada por la Fundaci\u00f3n Gresol y que, un a\u00f1o m\u00e1s, ha contado con la estrecha colaboraci\u00f3n de la Marina Port Tarraco, Business Pier. El encuentro se ha celebrado este jueves 24 de octubre al Tinglado n.\u00ba 1 del Moll de la Costa del Puerto de Tarragona.<\/p>\n<p>La Jornada Gresol, durante 22 a\u00f1os ininterrumpidos, ha promovido espacios de debate y de actualidad econ\u00f3mica, pol\u00edtica, social y ambiental con invitados de prestigio tanto a nivel nacional como internacional, que destacan por su profesionalidad y experiencia en varios sectores.<\/p>\n<p>El foro econ\u00f3mico l\u00edder en la Catalu\u00f1a Nueva ha reunido una vez m\u00e1s un programa de gran nivel. La Jornada ha arrancado a las 9:15 horas con el acto de inauguraci\u00f3n, a cargo del presidente de la Fundaci\u00f3n Gresol, Emili Correig; el CEO de Ocibar Marina Port Tarraco, Antonio Zaforteza y el presidente del Puerto de Tarragona, Sa\u00fcl Garreta, quien ha inaugurado oficialmente la Jornada Gresol.<\/p>\n<p>Las sesiones han empezado con la conferencia inaugural a cargo de Ivan Bofarull, CIO de ESADE qui\u00e9n, ha dado el pistoletazo de salida al seguido de conferencias con la charla \u201cConstruyendo compa\u00f1\u00edas resilientes con la disrupci\u00f3n\u201d, una intervenci\u00f3n que no ha dejado nadie indiferente. Bofarull ha sido presentado por Montse Adan, primera teniente de alcalde del Ayuntamiento de Tarragona.<\/p>\n<p>Despu\u00e9s de la pausa caf\u00e9, a las 11:00h.ha sido el turno del decano del Colegio de Economistas de Catalu\u00f1a, Carles Puig de Travy, qui\u00e9n nos ha hecho un an\u00e1lisis sobre la Econom\u00eda catalana en el contexto actual. V\u00edctor Costa, periodista y economista, lo ha presentado y ha moderado el debate que se ha generado despu\u00e9s de su conferencia con los asistentes.<\/p>\n<p>A continuaci\u00f3n, el presidente y CEO del Grupo Mediapro, Tatxo Benet, ha hecho una conferencia sobre \u201cInnovaci\u00f3n, Talento y Liderazgo\u201d, caracter\u00edsticas del Grupo Mediapro. Esta charla ha sido introducida y moderada por Mireia Oranias, socia de Auditor\u00eda de PwC.<\/p>\n<p>A continuaci\u00f3n, una conferencia sobre tecnolog\u00eda a cargo de una de las mujeres de nuestra regi\u00f3n que m\u00e1s entiende de tenolog\u00eda e innovaci\u00f3n, \u00a0\u00c0urea Rodr\u00edguez, a la vez directora de la EIT Culture and Creativity SW qui\u00e9n nos ha hablado de \u201cLa Tecnolog\u00eda como herramienta de transformaci\u00f3n y geoestrat\u00e9gia\u201d. El encargado de presentar y moderar el \u00c0urea ha sido el regidor delegado del \u00c1rea de Promoci\u00f3n Econ\u00f3mica, Innovaci\u00f3n y Conocimiento de Reus, Josep Baiges.<\/p>\n<p>Las sesiones de la ma\u00f1ana han finalizado con una mesa redonda presentada y moderada por el subdelegado del Gobierno en Tarragona, Santiago J. Castell\u00e1. La mesa ha sido en formato de tertulia sobre \u201cel Estado en Catalu\u00f1a del Plan Nacional Integrado de Energ\u00eda y Clima\u201d y d\u00f3nde han intervenido el nuevo director general de Energ\u00eda de la Generalitat de Catalu\u00f1a, Josep M. Serena; el fundador y socio \u2013 director de dialEc, Jaume Morron y el experto en Transici\u00f3n Energ\u00e9tica, Xavier Sabat\u00e9.<\/p>\n<p>Despu\u00e9s de la pausa por comida y hacer networking, se ha retomado las sesiones de la tarde con un claro caso de \u00e9xito, que ha contado con el presidente fundador del Grupo Alimentario Guissona \u201cBon\u00c0rea\u201d, Jaume Alsina, quien ha hablado de su propia trayectoria ligada a la gran evoluci\u00f3n de esta compa\u00f1\u00eda. Ha sido presentado por el director general de la Fundaci\u00f3n Gresol, Robert Moragues.<\/p>\n<p>Por \u00faltimo, la \u00faltima conferencia que ha cerrado la Jornada Gresol ha sido la charla \u201cUniversidad-Empresa, una cooperaci\u00f3n necesaria y mejorable\u201d a cargo de Antonio Abril actual presidente de la Conferencia de Consejos Sociales de las Universidades Espa\u00f1olas y quienes hab\u00eda estado, durante 32 a\u00f1os, secretario general de Inditex y reconocido experto en Marca. El presidente de Honor del Grupo Borges, Anton Pont, lo ha presentado y moderado.<\/p>\n<p>Por \u00faltimo, el presidente de la Fundaci\u00f3n Gresol, Emili Correig, ha valorado muy positivamente el desarrollo de la Jornada, destacando el alta participaci\u00f3n de asistentes y el gran cartel de ponientes y expertos que han querido compartir su conocimiento con la Fundaci\u00f3n Crisol A continuaci\u00f3n, ha puesto punto y final a la edici\u00f3n de este a\u00f1o y ha emplazado los asistentes reencontrarse el octubre del a\u00f1o pr\u00f3ximo.<\/p>\n<p><strong>Entidades y empresas colaboradoras<\/strong><\/p>\n<p>La XXIII Jornada Gresol cuenta con la especial colaboraci\u00f3n de entidades y empresas que hacen posible el encuentro, como son: Business Pier Port Tarraco, la Diputaci\u00f3n de Tarragona, CaixaBank, Puerto de Tarragona, PwC, BBVA, Carbonell Figueras, Gicsa Empresa Constructora, Infinitum, Ferrovial Construcci\u00f3n, Mercedes Benz QUADIS Autolica, Log\u00edstica Costa Dorada, Bala\u00f1a Egu\u00eda, YAZCO Forklift, H10 Hoteles, Digivisi\u00f3n, Clos Galena, Ambulancias del Tarragon\u00e8s y Cuadrat Valley.<\/p>\n<p><strong>Gresol, el foro econ\u00f3mico de la Catalu\u00f1a Nueva<\/strong><\/p>\n<p>La Fundaci\u00f3n Crisol es un espacio de intercambio de ideas, adem\u00e1s de una excelente plataforma que reconoce el esfuerzo y el talento de destacadas personalidades. Hoy en d\u00eda, se ha consolidado como un magn\u00edfico foro econ\u00f3mico y de debate de los temas de actualidad con mayor incidencia en el mundo econ\u00f3mico, empresarial, pol\u00edtico y social. Agrupa cerca de 200 empresarios que representan las firmas m\u00e1s importantes de la Catalu\u00f1a Nueva.<\/p>\n<p>Hasta ahora, se han organizado 22 ediciones de estas jornadas, en las cuales han participado como ponientes grandes protagonistas de la historia econ\u00f3mica y empresarial de nuestro pa\u00eds de los \u00faltimos 50 a\u00f1os y d\u00f3nde asisten alrededor de 300 empresarios y profesionales de la provincia y otros lugares de Catalu\u00f1a, movidos por la posibilidad de hacer networking. Crisol se ha erigido como el foro econ\u00f3mico y de debate m\u00e1s importante de la Catalu\u00f1a Nueva.<\/p>\n<p><strong>Sobre Puerto Tarraco y Business Pier<\/strong><\/p>\n<p>Puerto Tarraco es un puerto de referencia para superiots y gigaiots que navegan por el Mediterr\u00e1neo. Dispone de 33 amarres de entre 45 y 165 metros y proporciona todos los servicios premium personalizados y de m\u00e1xima calidad que requieren este tipo de embarcaciones de lujo. La marina est\u00e1 gestionada por Ocibar, empresa mallorquina especializada desde hace m\u00e1s de 30 a\u00f1os en la gesti\u00f3n de puertos deportivos, que cuenta, adem\u00e1s, con dos marinas en Baleares, Puerto Adriano en Mallorca y Botafoc Ibiza.<\/p>\n<p>Business Pier es un centro de negocios de \u00faltima generaci\u00f3n situado a las instalaciones de Puerto Tarraco. Dispone de 13.000m2 de \u00e1rea empresarial distribuidos en 6 edificios con espacios para empresas que van desde los 60 hasta los 300m2 equipados con las \u00faltimas tecnolog\u00edas. En un entorno \u00fanico sobre el mar, alberga la sede de importantes compa\u00f1\u00edas locales y multinacionales.<\/p>\n","protected":false},"excerpt":{"rendered":"<p>M\u00e1s de doscientos empresarios han asistido a la XXIII Jornada  [&#8230;]<\/p>\n","protected":false},"author":4,"featured_media":3498,"template":"","meta":{"_price":"","_stock":"","_tribe_ticket_header":"","_tribe_default_ticket_provider":"TEC\\Tickets\\Commerce\\Module","_tribe_ticket_capacity":"300","_ticket_start_date":"","_ticket_end_date":"","_tribe_ticket_show_description":"","_tribe_ticket_show_not_going":false,"_tribe_ticket_use_global_stock":"1","_tribe_ticket_global_stock_level":"300","_global_stock_mode":"","_global_stock_cap":"","_tribe_rsvp_for_event":"","_tribe_ticket_going_count":"","_tribe_ticket_not_going_count":"","_tribe_tickets_list":"[{\"id\":3445,\"type\":\"default\",\"title\":\"XXIII Jornada Gresol ES\",\"description\":\"\",\"capacityType\":\"global\",\"price\":\"250\",\"capacity\":300,\"available\":300,\"sharedCapacity\":300,\"sold\":0,\"shareSold\":0,\"isShared\":true,\"currencyDecimalPoint\":\".\",\"currencyNumberOfDecimals\":2,\"currencyPosition\":\"postfix\",\"currencySymbol\":\"\\u20ac\",\"currencyThousandsSep\":\",\"}]","_tribe_ticket_has_attendee_info_fields":false,"_tribe_events_status":"","_tribe_events_status_reason":"","footnotes":"","_tec_slr_enabled":"","_tec_slr_layout":""},"tags":[],"tribe_events_cat":[33],"class_list":["post-3431","tribe_events","type-tribe_events","status-publish","has-post-thumbnail","hentry","tribe_events_cat-jornada-gresol-es","cat_jornada-gresol-es"],"ticketed":["tc"],"_links":{"self":[{"href":"https:\/\/gresol.org\/es\/wp-json\/wp\/v2\/tribe_events\/3431","targetHints":{"allow":["GET"]}}],"collection":[{"href":"https:\/\/gresol.org\/es\/wp-json\/wp\/v2\/tribe_events"}],"about":[{"href":"https:\/\/gresol.org\/es\/wp-json\/wp\/v2\/types\/tribe_events"}],"author":[{"embeddable":true,"href":"https:\/\/gresol.org\/es\/wp-json\/wp\/v2\/users\/4"}],"version-history":[{"count":9,"href":"https:\/\/gresol.org\/es\/wp-json\/wp\/v2\/tribe_events\/3431\/revisions"}],"predecessor-version":[{"id":3501,"href":"https:\/\/gresol.org\/es\/wp-json\/wp\/v2\/tribe_events\/3431\/revisions\/3501"}],"wp:featuredmedia":[{"embeddable":true,"href":"https:\/\/gresol.org\/es\/wp-json\/wp\/v2\/media\/3498"}],"wp:attachment":[{"href":"https:\/\/gresol.org\/es\/wp-json\/wp\/v2\/media?parent=3431"}],"wp:term":[{"taxonomy":"post_tag","embeddable":true,"href":"https:\/\/gresol.org\/es\/wp-json\/wp\/v2\/tags?post=3431"},{"taxonomy":"tribe_events_cat","embeddable":true,"href":"https:\/\/gresol.org\/es\/wp-json\/wp\/v2\/tribe_events_cat?post=3431"}],"curies":[{"name":"wp","href":"https:\/\/api.w.org\/{rel}","templated":true}]}}

<p style="text-align: center;"><strong>Más de doscientos empresarios han asistido a la XXIII Jornada Gresol que se ha celebrado hoy en la marina Puerto Tarraco para debatir sobre Economía, Innovación, Talento y Liderazgo</strong></p>
<p>&nbsp;</p>
<p>El foro económico líder en la Cataluña Nueva ha contado con destacados ponentes del panorama empresarial como son el CIO de ESADE, Ivan Bofarull; el presidente y CEO del Grupo Mediapro, Tatxo Benet; el decano del Colegio de Economistas de Barcelona, Carles Puig de Travy; el nuevo director general de Energía de la Generalitat de Cataluña, Josep M. Serena; o el presidente de la Conferencia de Consejos Sociales de las Universidades Españolas, Antonio Abril; entre otros.</p>
<p>Tarragona, 24 de octubre 2024. “Innovación, Talento y Liderazgo. Gresol 30 años” es el lema que ha encabezado la XXIII Jornada Gresol, organizada por la Fundación Gresol y que, un año más, ha contado con la estrecha colaboración de la Marina Port Tarraco, Business Pier. El encuentro se ha celebrado este jueves 24 de octubre al Tinglado n.º 1 del Moll de la Costa del Puerto de Tarragona.</p>
<p>La Jornada Gresol, durante 22 años ininterrumpidos, ha promovido espacios de debate y de actualidad económica, política, social y ambiental con invitados de prestigio tanto a nivel nacional como internacional, que destacan por su profesionalidad y experiencia en varios sectores.</p>
<p>El foro económico líder en la Cataluña Nueva ha reunido una vez más un programa de gran nivel. La Jornada ha arrancado a las 9:15 horas con el acto de inauguración, a cargo del presidente de la Fundación Gresol, Emili Correig; el CEO de Ocibar Marina Port Tarraco, Antonio Zaforteza y el presidente del Puerto de Tarragona, Saül Garreta, quien ha inaugurado oficialmente la Jornada Gresol.</p>
<p>Las sesiones han empezado con la conferencia inaugural a cargo de Ivan Bofarull, CIO de ESADE quién, ha dado el pistoletazo de salida al seguido de conferencias con la charla “Construyendo compañías resilientes con la disrupción”, una intervención que no ha dejado nadie indiferente. Bofarull ha sido presentado por Montse Adan, primera teniente de alcalde del Ayuntamiento de Tarragona.</p>
<p>Después de la pausa café, a las 11:00h.ha sido el turno del decano del Colegio de Economistas de Cataluña, Carles Puig de Travy, quién nos ha hecho un análisis sobre la Economía catalana en el contexto actual. Víctor Costa, periodista y economista, lo ha presentado y ha moderado el debate que se ha generado después de su conferencia con los asistentes.</p>
<p>A continuación, el presidente y CEO del Grupo Mediapro, Tatxo Benet, ha hecho una conferencia sobre “Innovación, Talento y Liderazgo”, características del Grupo Mediapro. Esta charla ha sido introducida y moderada por Mireia Oranias, socia de Auditoría de PwC.</p>
<p>A continuación, una conferencia sobre tecnología a cargo de una de las mujeres de nuestra región que más entiende de tenología e innovación,  Àurea Rodríguez, a la vez directora de la EIT Culture and Creativity SW quién nos ha hablado de “La Tecnología como herramienta de transformación y geoestratégia”. El encargado de presentar y moderar el Àurea ha sido el regidor delegado del Área de Promoción Económica, Innovación y Conocimiento de Reus, Josep Baiges.</p>
<p>Las sesiones de la mañana han finalizado con una mesa redonda presentada y moderada por el subdelegado del Gobierno en Tarragona, Santiago J. Castellá. La mesa ha sido en formato de tertulia sobre “el Estado en Cataluña del Plan Nacional Integrado de Energía y Clima” y dónde han intervenido el nuevo director general de Energía de la Generalitat de Cataluña, Josep M. Serena; el fundador y socio – director de dialEc, Jaume Morron y el experto en Transición Energética, Xavier Sabaté.</p>
<p>Después de la pausa por comida y hacer networking, se ha retomado las sesiones de la tarde con un claro caso de éxito, que ha contado con el presidente fundador del Grupo Alimentario Guissona “BonÀrea”, Jaume Alsina, quien ha hablado de su propia trayectoria ligada a la gran evolución de esta compañía. Ha sido presentado por el director general de la Fundación Gresol, Robert Moragues.</p>
<p>Por último, la última conferencia que ha cerrado la Jornada Gresol ha sido la charla “Universidad-Empresa, una cooperación necesaria y mejorable” a cargo de Antonio Abril actual presidente de la Conferencia de Consejos Sociales de las Universidades Españolas y quienes había estado, durante 32 años, secretario general de Inditex y reconocido experto en Marca. El presidente de Honor del Grupo Borges, Anton Pont, lo ha presentado y moderado.</p>
<p>Por último, el presidente de la Fundación Gresol, Emili Correig, ha valorado muy positivamente el desarrollo de la Jornada, destacando el alta participación de asistentes y el gran cartel de ponientes y expertos que han querido compartir su conocimiento con la Fundación Crisol A continuación, ha puesto punto y final a la edición de este año y ha emplazado los asistentes reencontrarse el octubre del año próximo.</p>
<p><strong>Entidades y empresas colaboradoras</strong></p>
<p>La XXIII Jornada Gresol cuenta con la especial colaboración de entidades y empresas que hacen posible el encuentro, como son: Business Pier Port Tarraco, la Diputación de Tarragona, CaixaBank, Puerto de Tarragona, PwC, BBVA, Carbonell Figueras, Gicsa Empresa Constructora, Infinitum, Ferrovial Construcción, Mercedes Benz QUADIS Autolica, Logística Costa Dorada, Balaña Eguía, YAZCO Forklift, H10 Hoteles, Digivisión, Clos Galena, Ambulancias del Tarragonès y Cuadrat Valley.</p>
<p><strong>Gresol, el foro económico de la Cataluña Nueva</strong></p>
<p>La Fundación Crisol es un espacio de intercambio de ideas, además de una excelente plataforma que reconoce el esfuerzo y el talento de destacadas personalidades. Hoy en día, se ha consolidado como un magnífico foro económico y de debate de los temas de actualidad con mayor incidencia en el mundo económico, empresarial, político y social. Agrupa cerca de 200 empresarios que representan las firmas más importantes de la Cataluña Nueva.</p>
<p>Hasta ahora, se han organizado 22 ediciones de estas jornadas, en las cuales han participado como ponientes grandes protagonistas de la historia económica y empresarial de nuestro país de los últimos 50 años y dónde asisten alrededor de 300 empresarios y profesionales de la provincia y otros lugares de Cataluña, movidos por la posibilidad de hacer networking. Crisol se ha erigido como el foro económico y de debate más importante de la Cataluña Nueva.</p>
<p><strong>Sobre Puerto Tarraco y Business Pier</strong></p>
<p>Puerto Tarraco es un puerto de referencia para superiots y gigaiots que navegan por el Mediterráneo. Dispone de 33 amarres de entre 45 y 165 metros y proporciona todos los servicios premium personalizados y de máxima calidad que requieren este tipo de embarcaciones de lujo. La marina está gestionada por Ocibar, empresa mallorquina especializada desde hace más de 30 años en la gestión de puertos deportivos, que cuenta, además, con dos marinas en Baleares, Puerto Adriano en Mallorca y Botafoc Ibiza.</p>
<p>Business Pier es un centro de negocios de última generación situado a las instalaciones de Puerto Tarraco. Dispone de 13.000m2 de área empresarial distribuidos en 6 edificios con espacios para empresas que van desde los 60 hasta los 300m2 equipados con las últimas tecnologías. En un entorno único sobre el mar, alberga la sede de importantes compañías locales y multinacionales.</p>

<p>Más de doscientos empresarios han asistido a la XXIII Jornada  [&#8230;]</p>
