{"id":1991,"date":"2022-09-15T10:53:43","date_gmt":"2022-09-15T08:53:43","guid":{"rendered":"https:\/\/gresol.org\/?post_type=tribe_events&#038;p=1991"},"modified":"2022-09-15T10:53:43","modified_gmt":"2022-09-15T08:53:43","slug":"xviii-jornada-gresol-2019","status":"publish","type":"tribe_events","link":"https:\/\/gresol.org\/es\/event\/xviii-jornada-gresol-2019\/","title":{"rendered":"XVIII Jornada Gresol 2019"},"content":{"rendered":"<p>El foro econ\u00f3mico l\u00edder en la Catalu\u00f1a Nueva reuni\u00f3 destacados ponentes, como el joven fundador de Plant-for-the-Planet, el economista Santiago Ni\u00f1o Becerra o el director general de PortAventura World en una jornada a la que asistieron cerca de 300 empresarios.<\/p>\n<p>La XVIII Jornada Gresol, celebrada el pasado 24 de octubre en el Centro Cultural Ni\u00f1o Pedro de l&#8217;Hospitalet de l&#8217;Infant, abord\u00f3, de la mano de prestigiosos ponentes, el futuro de sectores claves para la econom\u00eda del territorio. Bajo el lema \u2018Emprendida y Talento\u2019, el encuentro econ\u00f3mico de referencia a la demarcaci\u00f3n de Tarragona, que este a\u00f1o cont\u00f3 con la colaboraci\u00f3n del Ayuntamiento de Vandell\u00f2s y l&#8217;Hospitalet de l&#8217;Infant, hizo hincapi\u00e9 en la necesidad de impulsar un crecimiento basado en la sostenibilidad. As\u00ed lo remarc\u00f3 el fundador de Plant-for-the-Planet, Felix Finkbeiner, un joven alem\u00e1n que en 2007, con solo 9 a\u00f1os, inici\u00f3 un proyecto a escala mundial que consiste al plantar \u00e1rboles por todo el mundo para combatir el cambio clim\u00e1tico concienciando a los m\u00e1s j\u00f3venes.<\/p>\n","protected":false},"excerpt":{"rendered":"<p>El foro econ\u00f3mico l\u00edder en la Catalu\u00f1a Nueva reuni\u00f3 destacados  [&#8230;]<\/p>\n","protected":false},"author":4,"featured_media":1992,"template":"","meta":{"_price":"","_stock":"","_tribe_ticket_header":"","_tribe_default_ticket_provider":"TEC\\Tickets\\Commerce\\Module","_tribe_ticket_capacity":"0","_ticket_start_date":"","_ticket_end_date":"","_tribe_ticket_show_description":"","_tribe_ticket_show_not_going":false,"_tribe_ticket_use_global_stock":"","_tribe_ticket_global_stock_level":"","_global_stock_mode":"","_global_stock_cap":"","_tribe_rsvp_for_event":"","_tribe_ticket_going_count":"","_tribe_ticket_not_going_count":"","_tribe_tickets_list":"[]","_tribe_ticket_has_attendee_info_fields":false,"_tribe_events_status":"","_tribe_events_status_reason":"","footnotes":"","_tec_slr_enabled":"","_tec_slr_layout":""},"tags":[],"tribe_events_cat":[33],"class_list":["post-1991","tribe_events","type-tribe_events","status-publish","has-post-thumbnail","hentry","tribe_events_cat-jornada-gresol-es","cat_jornada-gresol-es"],"ticketed":false,"_links":{"self":[{"href":"https:\/\/gresol.org\/es\/wp-json\/wp\/v2\/tribe_events\/1991","targetHints":{"allow":["GET"]}}],"collection":[{"href":"https:\/\/gresol.org\/es\/wp-json\/wp\/v2\/tribe_events"}],"about":[{"href":"https:\/\/gresol.org\/es\/wp-json\/wp\/v2\/types\/tribe_events"}],"author":[{"embeddable":true,"href":"https:\/\/gresol.org\/es\/wp-json\/wp\/v2\/users\/4"}],"version-history":[{"count":1,"href":"https:\/\/gresol.org\/es\/wp-json\/wp\/v2\/tribe_events\/1991\/revisions"}],"predecessor-version":[{"id":1994,"href":"https:\/\/gresol.org\/es\/wp-json\/wp\/v2\/tribe_events\/1991\/revisions\/1994"}],"wp:featuredmedia":[{"embeddable":true,"href":"https:\/\/gresol.org\/es\/wp-json\/wp\/v2\/media\/1992"}],"wp:attachment":[{"href":"https:\/\/gresol.org\/es\/wp-json\/wp\/v2\/media?parent=1991"}],"wp:term":[{"taxonomy":"post_tag","embeddable":true,"href":"https:\/\/gresol.org\/es\/wp-json\/wp\/v2\/tags?post=1991"},{"taxonomy":"tribe_events_cat","embeddable":true,"href":"https:\/\/gresol.org\/es\/wp-json\/wp\/v2\/tribe_events_cat?post=1991"}],"curies":[{"name":"wp","href":"https:\/\/api.w.org\/{rel}","templated":true}]}}

<p>El foro económico líder en la Cataluña Nueva reunió destacados ponentes, como el joven fundador de Plant-for-the-Planet, el economista Santiago Niño Becerra o el director general de PortAventura World en una jornada a la que asistieron cerca de 300 empresarios.</p>
<p>La XVIII Jornada Gresol, celebrada el pasado 24 de octubre en el Centro Cultural Niño Pedro de l&#8217;Hospitalet de l&#8217;Infant, abordó, de la mano de prestigiosos ponentes, el futuro de sectores claves para la economía del territorio. Bajo el lema ‘Emprendida y Talento’, el encuentro económico de referencia a la demarcación de Tarragona, que este año contó con la colaboración del Ayuntamiento de Vandellòs y l&#8217;Hospitalet de l&#8217;Infant, hizo hincapié en la necesidad de impulsar un crecimiento basado en la sostenibilidad. Así lo remarcó el fundador de Plant-for-the-Planet, Felix Finkbeiner, un joven alemán que en 2007, con solo 9 años, inició un proyecto a escala mundial que consiste al plantar árboles por todo el mundo para combatir el cambio climático concienciando a los más jóvenes.</p>

<p>El foro económico líder en la Cataluña Nueva reunió destacados  [&#8230;]</p>
