{"id":1989,"date":"2022-09-15T10:39:34","date_gmt":"2022-09-15T08:39:34","guid":{"rendered":"https:\/\/gresol.org\/?post_type=tribe_events&#038;p=1989"},"modified":"2022-09-15T10:39:34","modified_gmt":"2022-09-15T08:39:34","slug":"xvii-jornada-gresol-2018","status":"publish","type":"tribe_events","link":"https:\/\/gresol.org\/es\/event\/xvii-jornada-gresol-2018\/","title":{"rendered":"XVII Jornada Gresol 2018"},"content":{"rendered":"<p>La cita econ\u00f3mica de referencia organizada por la Fundaci\u00f3n Crisol re\u00fane, entre otros, a Jaume Roures, de Mediapro, Ramon Rovira, de RAC1, o Jordi Gall\u00e9s, de Europastry, y en el economista Gay de Li\u00e9bana.<\/p>\n<p>La XVII Jornada Gresol, celebrada el 18 de octubre en el Pabell\u00f3n Municipal de Deportes de la Selva del Camp, ha expuesto las claves de grandes casos de \u00e9xito empresarial. Estas historias de liderazgo han sido explicadas, ante un auditorio integrado por 250 empresarios de todo el territorio, por algunos de los m\u00e1ximos responsables de las compa\u00f1\u00edas en cuesti\u00f3n, como son el socio gestor de Mediapro, Jaume Roures, el director general de Negocio Audiovisual del Grupo God\u00f3, Ramon Rovira, o el presidente de Europastry, Jordi Gall\u00e9s. La Jornada tambi\u00e9n ha dedicado parte del programa a profundizar en la innovaci\u00f3n y nuevas tecnolog\u00edas y, como es habitual en esta cita de referencia, a reflexionar sobre la situaci\u00f3n actual de la econom\u00eda.<\/p>\n<p>El grupo de ponientes, todos ellos de primer nivel, lo han completado el socio director de PwC (PricewaterhouseCoopers) Catalu\u00f1a, Ignacio Marull, el CEO de Ogilvy Barcelona, Jordi Urbea, y el director general del Barcelona Institute of Science and Technology (*BIST), Gabriel M. Silberman. Finalmente, el economista y profesor de la Universitat de Barcelona Jos\u00e9 M. Gay de Li\u00e9bana ha pronunciado una conferencia en la cual ha repasado los condicionantes econ\u00f3micos del periodo actual.<\/p>\n","protected":false},"excerpt":{"rendered":"<p>La cita econ\u00f3mica de referencia organizada por la Fundaci\u00f3n Crisol  [&#8230;]<\/p>\n","protected":false},"author":4,"featured_media":1986,"template":"","meta":{"_price":"","_stock":"","_tribe_ticket_header":"","_tribe_default_ticket_provider":"TEC\\Tickets\\Commerce\\Module","_tribe_ticket_capacity":"0","_ticket_start_date":"","_ticket_end_date":"","_tribe_ticket_show_description":"","_tribe_ticket_show_not_going":false,"_tribe_ticket_use_global_stock":"","_tribe_ticket_global_stock_level":"","_global_stock_mode":"","_global_stock_cap":"","_tribe_rsvp_for_event":"","_tribe_ticket_going_count":"","_tribe_ticket_not_going_count":"","_tribe_tickets_list":"[]","_tribe_ticket_has_attendee_info_fields":false,"_tribe_events_status":"","_tribe_events_status_reason":"","footnotes":"","_tec_slr_enabled":"","_tec_slr_layout":""},"tags":[],"tribe_events_cat":[33],"class_list":["post-1989","tribe_events","type-tribe_events","status-publish","has-post-thumbnail","hentry","tribe_events_cat-jornada-gresol-es","cat_jornada-gresol-es"],"ticketed":false,"_links":{"self":[{"href":"https:\/\/gresol.org\/es\/wp-json\/wp\/v2\/tribe_events\/1989","targetHints":{"allow":["GET"]}}],"collection":[{"href":"https:\/\/gresol.org\/es\/wp-json\/wp\/v2\/tribe_events"}],"about":[{"href":"https:\/\/gresol.org\/es\/wp-json\/wp\/v2\/types\/tribe_events"}],"author":[{"embeddable":true,"href":"https:\/\/gresol.org\/es\/wp-json\/wp\/v2\/users\/4"}],"version-history":[{"count":1,"href":"https:\/\/gresol.org\/es\/wp-json\/wp\/v2\/tribe_events\/1989\/revisions"}],"predecessor-version":[{"id":1990,"href":"https:\/\/gresol.org\/es\/wp-json\/wp\/v2\/tribe_events\/1989\/revisions\/1990"}],"wp:featuredmedia":[{"embeddable":true,"href":"https:\/\/gresol.org\/es\/wp-json\/wp\/v2\/media\/1986"}],"wp:attachment":[{"href":"https:\/\/gresol.org\/es\/wp-json\/wp\/v2\/media?parent=1989"}],"wp:term":[{"taxonomy":"post_tag","embeddable":true,"href":"https:\/\/gresol.org\/es\/wp-json\/wp\/v2\/tags?post=1989"},{"taxonomy":"tribe_events_cat","embeddable":true,"href":"https:\/\/gresol.org\/es\/wp-json\/wp\/v2\/tribe_events_cat?post=1989"}],"curies":[{"name":"wp","href":"https:\/\/api.w.org\/{rel}","templated":true}]}}

<p>La cita económica de referencia organizada por la Fundación Crisol reúne, entre otros, a Jaume Roures, de Mediapro, Ramon Rovira, de RAC1, o Jordi Gallés, de Europastry, y en el economista Gay de Liébana.</p>
<p>La XVII Jornada Gresol, celebrada el 18 de octubre en el Pabellón Municipal de Deportes de la Selva del Camp, ha expuesto las claves de grandes casos de éxito empresarial. Estas historias de liderazgo han sido explicadas, ante un auditorio integrado por 250 empresarios de todo el territorio, por algunos de los máximos responsables de las compañías en cuestión, como son el socio gestor de Mediapro, Jaume Roures, el director general de Negocio Audiovisual del Grupo Godó, Ramon Rovira, o el presidente de Europastry, Jordi Gallés. La Jornada también ha dedicado parte del programa a profundizar en la innovación y nuevas tecnologías y, como es habitual en esta cita de referencia, a reflexionar sobre la situación actual de la economía.</p>
<p>El grupo de ponientes, todos ellos de primer nivel, lo han completado el socio director de PwC (PricewaterhouseCoopers) Cataluña, Ignacio Marull, el CEO de Ogilvy Barcelona, Jordi Urbea, y el director general del Barcelona Institute of Science and Technology (*BIST), Gabriel M. Silberman. Finalmente, el economista y profesor de la Universitat de Barcelona José M. Gay de Liébana ha pronunciado una conferencia en la cual ha repasado los condicionantes económicos del periodo actual.</p>

<p>La cita económica de referencia organizada por la Fundación Crisol  [&#8230;]</p>
