{"id":1929,"date":"2022-09-14T12:55:13","date_gmt":"2022-09-14T10:55:13","guid":{"rendered":"https:\/\/gresol.org\/?post_type=tribe_events&#038;p=1929"},"modified":"2022-09-14T12:55:13","modified_gmt":"2022-09-14T10:55:13","slug":"viii-jornada-gresol-2009","status":"publish","type":"tribe_events","link":"https:\/\/gresol.org\/es\/event\/viii-jornada-gresol-2009\/","title":{"rendered":"VIII Jornada Gresol 2009"},"content":{"rendered":"<p>En el 2009 la octava edici\u00f3n de estas jornadas, celebrada en el Hotel Grande Palas de la Pineda, gir\u00f3 alrededor de la innovaci\u00f3n y la creatividad como herramientas a tener en cuenta para la recuperaci\u00f3n econ\u00f3mica. La Jornada cont\u00f3 con personalidades diversas como el Consejero de Innovaci\u00f3n, Universidades y Empresa, Josep Huguet; el Catedr\u00e1tico de la UB y Premio Rey Juan Carlos de Econom\u00eda 2008; Joaquim Muns, o el presidente de Spanair, Ferran Soriano, entre otros. El presidente de CiU, Artur Mas, presidi\u00f3 la tercera edici\u00f3n del comer-coloquio, moderado y presentado por la periodista Olga Viza.<\/p>\n","protected":false},"excerpt":{"rendered":"<p>En el 2009 la octava edici\u00f3n de estas jornadas, celebrada  [&#8230;]<\/p>\n","protected":false},"author":4,"featured_media":0,"template":"","meta":{"_price":"","_stock":"","_tribe_ticket_header":"","_tribe_default_ticket_provider":"TEC\\Tickets\\Commerce\\Module","_tribe_ticket_capacity":"0","_ticket_start_date":"","_ticket_end_date":"","_tribe_ticket_show_description":"","_tribe_ticket_show_not_going":false,"_tribe_ticket_use_global_stock":"","_tribe_ticket_global_stock_level":"","_global_stock_mode":"","_global_stock_cap":"","_tribe_rsvp_for_event":"","_tribe_ticket_going_count":"","_tribe_ticket_not_going_count":"","_tribe_tickets_list":"[]","_tribe_ticket_has_attendee_info_fields":false,"_tribe_events_status":"","_tribe_events_status_reason":"","footnotes":"","_tec_slr_enabled":"","_tec_slr_layout":""},"tags":[],"tribe_events_cat":[33],"class_list":["post-1929","tribe_events","type-tribe_events","status-publish","hentry","tribe_events_cat-jornada-gresol-es","cat_jornada-gresol-es"],"ticketed":false,"_links":{"self":[{"href":"https:\/\/gresol.org\/es\/wp-json\/wp\/v2\/tribe_events\/1929","targetHints":{"allow":["GET"]}}],"collection":[{"href":"https:\/\/gresol.org\/es\/wp-json\/wp\/v2\/tribe_events"}],"about":[{"href":"https:\/\/gresol.org\/es\/wp-json\/wp\/v2\/types\/tribe_events"}],"author":[{"embeddable":true,"href":"https:\/\/gresol.org\/es\/wp-json\/wp\/v2\/users\/4"}],"version-history":[{"count":1,"href":"https:\/\/gresol.org\/es\/wp-json\/wp\/v2\/tribe_events\/1929\/revisions"}],"predecessor-version":[{"id":1930,"href":"https:\/\/gresol.org\/es\/wp-json\/wp\/v2\/tribe_events\/1929\/revisions\/1930"}],"wp:attachment":[{"href":"https:\/\/gresol.org\/es\/wp-json\/wp\/v2\/media?parent=1929"}],"wp:term":[{"taxonomy":"post_tag","embeddable":true,"href":"https:\/\/gresol.org\/es\/wp-json\/wp\/v2\/tags?post=1929"},{"taxonomy":"tribe_events_cat","embeddable":true,"href":"https:\/\/gresol.org\/es\/wp-json\/wp\/v2\/tribe_events_cat?post=1929"}],"curies":[{"name":"wp","href":"https:\/\/api.w.org\/{rel}","templated":true}]}}

<p>En el 2009 la octava edición de estas jornadas, celebrada en el Hotel Grande Palas de la Pineda, giró alrededor de la innovación y la creatividad como herramientas a tener en cuenta para la recuperación económica. La Jornada contó con personalidades diversas como el Consejero de Innovación, Universidades y Empresa, Josep Huguet; el Catedrático de la UB y Premio Rey Juan Carlos de Economía 2008; Joaquim Muns, o el presidente de Spanair, Ferran Soriano, entre otros. El presidente de CiU, Artur Mas, presidió la tercera edición del comer-coloquio, moderado y presentado por la periodista Olga Viza.</p>

<p>En el 2009 la octava edición de estas jornadas, celebrada  [&#8230;]</p>
