{"id":1850,"date":"2022-09-09T12:07:36","date_gmt":"2022-09-09T10:07:36","guid":{"rendered":"https:\/\/gresol.org\/?post_type=tribe_events&#038;p=1850"},"modified":"2022-09-09T12:07:36","modified_gmt":"2022-09-09T10:07:36","slug":"vii-premios-gresol-joven-2022","status":"publish","type":"tribe_events","link":"https:\/\/gresol.org\/es\/event\/vii-premios-gresol-joven-2022\/","title":{"rendered":"VII Premios Gresol Joven 2022"},"content":{"rendered":"<p>El pasado 27 de abril, la Fundaci\u00f3n Gresol entreg\u00f3 por s\u00e9ptimo a\u00f1o consecutivo los Premios Gresol Joven al Talento Emprendedor. Lo hizo en una gala de entrega que se celebr\u00f3 a la terraza SUMMIT, al \u00e1tico, del Hotel Olympus Palace de Salou. Se trata de un acontecimiento en el que los j\u00f3venes son los protagonistas.<\/p>\n<p>El acto cont\u00f3 con la intervenci\u00f3n de \u00c0urea Rodr\u00edguez como speaker, qui\u00e9n nos habl\u00f3 de La Econom\u00eda del Talento. El \u00c0urea es gerente de Eurecat a la demarcaci\u00f3n de Tarragona y responsable de la Unidad de Desarrollo Corporativo; adem\u00e1s es experta en innovaci\u00f3n y tecnolog\u00eda<\/p>\n<p>La gala fue presentada y conducida por la psic\u00f3loga y coach Ivette Castro, experta en fortalezas y, desde hace m\u00e1s de 3 a\u00f1os, acompa\u00f1a a mujeres emprendedoras a re conectar con su talento para hacer crecer su negocio; tambi\u00e9n potencia, desarrolla y transforma equipos y l\u00edderes de una empresa.<\/p>\n<p>Entre otras autoridades contamos con la presencia de la rectora de la URV, M. Jos\u00e9 Figueras; o la Diputada y Presidenta de la Comisi\u00f3n Informativa de Recursos Humanos, Ocupaci\u00f3n y Emprendimiento de la Diputaci\u00f3n de Tarragona, S\u00edlvia Puerto.<\/p>\n<p>Despu\u00e9s de la entrega, los cerca de 100 asistentes pudieron degustar un c\u00f3ctel de networking en un ambiente distendido y agradable, un espacio id\u00f3neo para hacer contactos y relaciones empresariales.<\/p>\n<p>Las 3 empresas galardonadas:<\/p>\n<p>TALENTO\u00a0 TECNOL\u00d3GICO: TREELLUM TECHNOLOGIES:<\/p>\n<p>Es una empresa DeepTech donde desarrollan herramientas tecnol\u00f3gicas avanzadas para la investigaci\u00f3n cient\u00edfica. Sus primeros productos permiten el uso de la luz como fuente natural, verde, f\u00e1cilmente disponible y relativamente troca para la s\u00edntesis de f\u00e1rmacos, aplicaciones biol\u00f3gicas o la generaci\u00f3n de energ\u00eda. El objetivo de TREELLUM TECHNOLOGIES es conseguir que el uso de luz por s\u00edntesis qu\u00edmica, biol\u00f3gica y de energ\u00eda est\u00e9 al alcance de todo el mundo, desde la investigaci\u00f3n hasta la industria.<\/p>\n<p>TALENTO EN MARKETING: PRIORAT EXPLAINED \u2013 Digital Social Blog:<\/p>\n<p>Nace del entusiasmo compartido entre tres amigos por su comarca con el objetivo de dar voz a los protagonistas de esta: las personas, el cultivo de la uva y el vino.<\/p>\n<p>La idea del proyecto surge de la necesidad de explicar el territorio desde una perspectiva comunicativa m\u00e1s fresca y din\u00e1mica y al mismo tiempo, de acercar la gente a la cultura del vino a trav\u00e9s de catas y experiencias enotur\u00edsticass, donde los campesinos, los elaboradores y los restauradores sean siempre los portavoces directos de su d\u00eda a d\u00eda.<\/p>\n<p>TALENTO ACAD\u00c9MICO: EOXSENSE:<\/p>\n<p>Es una empresa Esp\u00edn-off de la URV. El objetivo principal de EOXSENSE es el dise\u00f1ar sensores qu\u00edmicos y bioqu\u00edmicos econ\u00f3micos y eficientes y ponerlos al servicio de las empresas.<\/p>\n<p>La empresa ha creado un conjunto de nuevas tecnolog\u00edas que le permiten redise\u00f1ar estos sensores reduciendo significativamente su complejidad y haci\u00e9ndolos m\u00e1s compactas y eficientes.<\/p>\n<p>Colaboradores del acontecimiento<\/p>\n<p>Los Premios Gresol Joven al Talento Emprendedor han contado con la especial colaboraci\u00f3n de la URV, la Diputaci\u00f3n de Tarragona, Fundaci\u00f3n Ibercaja, Mercedes-Benz Autolica Tarragona, Clos Galena, la cerveza Inedit de Damm, Oliveta\u2019s Catering &amp; Events, Hotel Olympus Palace y Ivette Castro, psic\u00f3loga y coach de fortalezas.<\/p>\n","protected":false},"excerpt":{"rendered":"<p>El pasado 27 de abril, la Fundaci\u00f3n Gresol entreg\u00f3 por  [&#8230;]<\/p>\n","protected":false},"author":4,"featured_media":1188,"template":"","meta":{"_price":"","_stock":"","_tribe_ticket_header":"","_tribe_default_ticket_provider":"TEC\\Tickets\\Commerce\\Module","_tribe_ticket_capacity":"0","_ticket_start_date":"","_ticket_end_date":"","_tribe_ticket_show_description":"","_tribe_ticket_show_not_going":false,"_tribe_ticket_use_global_stock":"","_tribe_ticket_global_stock_level":"","_global_stock_mode":"","_global_stock_cap":"","_tribe_rsvp_for_event":"","_tribe_ticket_going_count":"","_tribe_ticket_not_going_count":"","_tribe_tickets_list":"[]","_tribe_ticket_has_attendee_info_fields":false,"_tribe_events_status":"","_tribe_events_status_reason":"","footnotes":"","_tec_slr_enabled":"","_tec_slr_layout":""},"tags":[],"tribe_events_cat":[31],"class_list":["post-1850","tribe_events","type-tribe_events","status-publish","has-post-thumbnail","hentry","tribe_events_cat-premis-gresol-jove-es","cat_premis-gresol-jove-es"],"ticketed":false,"_links":{"self":[{"href":"https:\/\/gresol.org\/es\/wp-json\/wp\/v2\/tribe_events\/1850","targetHints":{"allow":["GET"]}}],"collection":[{"href":"https:\/\/gresol.org\/es\/wp-json\/wp\/v2\/tribe_events"}],"about":[{"href":"https:\/\/gresol.org\/es\/wp-json\/wp\/v2\/types\/tribe_events"}],"author":[{"embeddable":true,"href":"https:\/\/gresol.org\/es\/wp-json\/wp\/v2\/users\/4"}],"version-history":[{"count":1,"href":"https:\/\/gresol.org\/es\/wp-json\/wp\/v2\/tribe_events\/1850\/revisions"}],"predecessor-version":[{"id":1851,"href":"https:\/\/gresol.org\/es\/wp-json\/wp\/v2\/tribe_events\/1850\/revisions\/1851"}],"wp:featuredmedia":[{"embeddable":true,"href":"https:\/\/gresol.org\/es\/wp-json\/wp\/v2\/media\/1188"}],"wp:attachment":[{"href":"https:\/\/gresol.org\/es\/wp-json\/wp\/v2\/media?parent=1850"}],"wp:term":[{"taxonomy":"post_tag","embeddable":true,"href":"https:\/\/gresol.org\/es\/wp-json\/wp\/v2\/tags?post=1850"},{"taxonomy":"tribe_events_cat","embeddable":true,"href":"https:\/\/gresol.org\/es\/wp-json\/wp\/v2\/tribe_events_cat?post=1850"}],"curies":[{"name":"wp","href":"https:\/\/api.w.org\/{rel}","templated":true}]}}

<p>El pasado 27 de abril, la Fundación Gresol entregó por séptimo año consecutivo los Premios Gresol Joven al Talento Emprendedor. Lo hizo en una gala de entrega que se celebró a la terraza SUMMIT, al ático, del Hotel Olympus Palace de Salou. Se trata de un acontecimiento en el que los jóvenes son los protagonistas.</p>
<p>El acto contó con la intervención de Àurea Rodríguez como speaker, quién nos habló de La Economía del Talento. El Àurea es gerente de Eurecat a la demarcación de Tarragona y responsable de la Unidad de Desarrollo Corporativo; además es experta en innovación y tecnología</p>
<p>La gala fue presentada y conducida por la psicóloga y coach Ivette Castro, experta en fortalezas y, desde hace más de 3 años, acompaña a mujeres emprendedoras a re conectar con su talento para hacer crecer su negocio; también potencia, desarrolla y transforma equipos y líderes de una empresa.</p>
<p>Entre otras autoridades contamos con la presencia de la rectora de la URV, M. José Figueras; o la Diputada y Presidenta de la Comisión Informativa de Recursos Humanos, Ocupación y Emprendimiento de la Diputación de Tarragona, Sílvia Puerto.</p>
<p>Después de la entrega, los cerca de 100 asistentes pudieron degustar un cóctel de networking en un ambiente distendido y agradable, un espacio idóneo para hacer contactos y relaciones empresariales.</p>
<p>Las 3 empresas galardonadas:</p>
<p>TALENTO  TECNOLÓGICO: TREELLUM TECHNOLOGIES:</p>
<p>Es una empresa DeepTech donde desarrollan herramientas tecnológicas avanzadas para la investigación científica. Sus primeros productos permiten el uso de la luz como fuente natural, verde, fácilmente disponible y relativamente troca para la síntesis de fármacos, aplicaciones biológicas o la generación de energía. El objetivo de TREELLUM TECHNOLOGIES es conseguir que el uso de luz por síntesis química, biológica y de energía esté al alcance de todo el mundo, desde la investigación hasta la industria.</p>
<p>TALENTO EN MARKETING: PRIORAT EXPLAINED – Digital Social Blog:</p>
<p>Nace del entusiasmo compartido entre tres amigos por su comarca con el objetivo de dar voz a los protagonistas de esta: las personas, el cultivo de la uva y el vino.</p>
<p>La idea del proyecto surge de la necesidad de explicar el territorio desde una perspectiva comunicativa más fresca y dinámica y al mismo tiempo, de acercar la gente a la cultura del vino a través de catas y experiencias enoturísticass, donde los campesinos, los elaboradores y los restauradores sean siempre los portavoces directos de su día a día.</p>
<p>TALENTO ACADÉMICO: EOXSENSE:</p>
<p>Es una empresa Espín-off de la URV. El objetivo principal de EOXSENSE es el diseñar sensores químicos y bioquímicos económicos y eficientes y ponerlos al servicio de las empresas.</p>
<p>La empresa ha creado un conjunto de nuevas tecnologías que le permiten rediseñar estos sensores reduciendo significativamente su complejidad y haciéndolos más compactas y eficientes.</p>
<p>Colaboradores del acontecimiento</p>
<p>Los Premios Gresol Joven al Talento Emprendedor han contado con la especial colaboración de la URV, la Diputación de Tarragona, Fundación Ibercaja, Mercedes-Benz Autolica Tarragona, Clos Galena, la cerveza Inedit de Damm, Oliveta’s Catering &amp; Events, Hotel Olympus Palace y Ivette Castro, psicóloga y coach de fortalezas.</p>

<p>El pasado 27 de abril, la Fundación Gresol entregó por  [&#8230;]</p>
