{"id":1804,"date":"2022-09-08T13:35:02","date_gmt":"2022-09-08T11:35:02","guid":{"rendered":"https:\/\/gresol.org\/?post_type=tribe_events&#038;p=1804"},"modified":"2022-09-08T13:35:02","modified_gmt":"2022-09-08T11:35:02","slug":"xii-premis-gaudi-gresol-2018","status":"publish","type":"tribe_events","link":"https:\/\/gresol.org\/es\/event\/xii-premis-gaudi-gresol-2018\/","title":{"rendered":"XII Premis Gaud\u00ed Gresol 2018"},"content":{"rendered":"<p>La Fundaci\u00f3n Gresol ha entregado el 12 de junio los Premios Gaud\u00ed Gresol a la Notoriedad y la Excelencia, convertidos ya en todo un referente despu\u00e9s de llegar este a\u00f1o a la doceava edici\u00f3n. La Gala, que se ha celebrado al Tecnoparc de firaReus, ha contado, igual que en las \u00faltimas ediciones, con el apoyo del Ayuntamiento de Reus. La actriz y presentadora Ivana Mi\u00f1o ha sido la encargada de conducir el acto, que ha reunido m\u00e1s de 400 personas. Esta asistencia muestra, un golpe m\u00e1s, la plena consolidaci\u00f3n y arraigo conseguidos por los Premios Gaud\u00ed Gresol, que a\u00f1o tras a\u00f1o se arrecian como una de las citas sociales m\u00e1s importantes de la provincia de Tarragona.<\/p>\n<p>La finalidad de estos galardones es la de reconocer la tarea de personas, entidades u organismos que hayan destacado en diferentes disciplinas profesionales, como por ejemplo la cient\u00edfica, econ\u00f3mica y empresarial, audiovisual o medioambiental, entre otros. Este a\u00f1o, la participaci\u00f3n tanto a la ceremonia de entrega de los premios como a la cena solidaria posterior, ha vuelto a ser un gran \u00e9xito, con una nutrida representaci\u00f3n de colectivos de todos los \u00e1mbitos: pol\u00edtico, econ\u00f3mico y empresarial, educativo, administrativo, deportivo y social, en general.<\/p>\n<p>La Gala de los XII Premios Gaud\u00ed Gresol se ha desarrollado entre las 20 y las 23.30 horas. Previamente, todos los galardonados han tenido la oportunidad de firmar en el Libro de Oro de la Fundaci\u00f3n Crisol.<\/p>\n<p>Los galardonados de 2018 han estado:<\/p>\n<p>Carme Pin\u00f3s (Arquitectura)<br \/>\nMar\u00eda Blasco (Investigaci\u00f3n)<br \/>\nRamon Gomis (Literatura)<br \/>\nAnna Veiga (Ciencia)<br \/>\nMireia Torres (Medio Ambiente)<br \/>\nCarlos Latre (Televisi\u00f3n)<br \/>\n\u00d2scar Cadiach (Deportes)<br \/>\nBel\u00e9n Fabra(Cine)<br \/>\nRafael Matesanz (Medicina)<br \/>\nRisto Mejide (Publicidad)<\/p>\n<p>Comprom\u00eds Solidario<\/p>\n<p>La Fundaci\u00f3n Gresol hace cada a\u00f1o una aportaci\u00f3n a un organismo u organizaci\u00f3n solidaria. Este a\u00f1o, la entidad escogida ha sido la Fundaci\u00f3n Bonanit de Tarragona, que desde el 2006 centra sus esfuerzos a ayudar a las personas sin techo.<\/p>\n<p>La Fundaci\u00f3n Bonanit, aparte de proporcionar un lugar de pernoctaci\u00f3n, presta otras atenciones como las de comedor, higiene personal, lavado de ropa y servicio de consigna. Los beneficiarios son personas sin hogar que buscan trabajo o se encuentran en condiciones de pobreza *cronificada. Adem\u00e1s, la entidad ofrece ayudas puntuales a familias en situaci\u00f3n de vulnerabilidad. La Fundaci\u00f3n Bonanit est\u00e1 presidida por Antoni Coll Gilabert, mientras que las dos vicepresidencias de la organizaci\u00f3n son ejercidas por C\u00e1ritas Diocesana de Tarragona y la Fundaci\u00f3n Santa Tecla.<\/p>\n<p>Personalidades asistentes<\/p>\n<p>Todos los premiados han asistido a la Gala y han recogido personalmente el galard\u00f3n, que consiste en un busto de Gaud\u00ed del escultor Joan Matamala. As\u00ed mismo, han compartido la velada y la cena con todos los asistentes, entre los cuales ha habido destacadas personalidades que han sido las encargadas de librar los galardones. Entre estos, el Sr. Carles Pellicer, alcalde de Reus; la Sra. Mar\u00eda Jos\u00e9 Figueras, rectora de la URV; el Sr. Josep Maria Tost, director de la Agencia de Residuos de Catalu\u00f1a; el Sr. Josep Masdeu, vicepresidente segundo de la Diputaci\u00f3n de Tarragona; el Sr. Josep Andreu, presidente del Puerto de Tarragona; el Sr. Luis Herrero, subdirector general de Banco Santander; el Sr. Juli\u00e1n Moll\u00e1, presidente de la Fundaci\u00f3n Crisol; el Sr. Antoni Coll, presidente de la Fundaci\u00f3n Bonanit; el Sr. Anton Pont, presidente de honor de la Fundaci\u00f3n Crisol, y el Sr. Alejandro Mart\u00ednez, presidente de Grant Thornton.<\/p>\n","protected":false},"excerpt":{"rendered":"<p>La Fundaci\u00f3n Gresol ha entregado el 12 de junio los  [&#8230;]<\/p>\n","protected":false},"author":4,"featured_media":1249,"template":"","meta":{"_price":"","_stock":"","_tribe_ticket_header":"","_tribe_default_ticket_provider":"TEC\\Tickets\\Commerce\\Module","_tribe_ticket_capacity":"0","_ticket_start_date":"","_ticket_end_date":"","_tribe_ticket_show_description":"","_tribe_ticket_show_not_going":false,"_tribe_ticket_use_global_stock":"","_tribe_ticket_global_stock_level":"","_global_stock_mode":"","_global_stock_cap":"","_tribe_rsvp_for_event":"","_tribe_ticket_going_count":"","_tribe_ticket_not_going_count":"","_tribe_tickets_list":"[]","_tribe_ticket_has_attendee_info_fields":false,"_tribe_events_status":"","_tribe_events_status_reason":"","footnotes":"","_tec_slr_enabled":"","_tec_slr_layout":""},"tags":[],"tribe_events_cat":[32],"class_list":["post-1804","tribe_events","type-tribe_events","status-publish","has-post-thumbnail","hentry","tribe_events_cat-premis-gaudi-gresol-es","cat_premis-gaudi-gresol-es"],"ticketed":false,"_links":{"self":[{"href":"https:\/\/gresol.org\/es\/wp-json\/wp\/v2\/tribe_events\/1804","targetHints":{"allow":["GET"]}}],"collection":[{"href":"https:\/\/gresol.org\/es\/wp-json\/wp\/v2\/tribe_events"}],"about":[{"href":"https:\/\/gresol.org\/es\/wp-json\/wp\/v2\/types\/tribe_events"}],"author":[{"embeddable":true,"href":"https:\/\/gresol.org\/es\/wp-json\/wp\/v2\/users\/4"}],"version-history":[{"count":1,"href":"https:\/\/gresol.org\/es\/wp-json\/wp\/v2\/tribe_events\/1804\/revisions"}],"predecessor-version":[{"id":1812,"href":"https:\/\/gresol.org\/es\/wp-json\/wp\/v2\/tribe_events\/1804\/revisions\/1812"}],"wp:featuredmedia":[{"embeddable":true,"href":"https:\/\/gresol.org\/es\/wp-json\/wp\/v2\/media\/1249"}],"wp:attachment":[{"href":"https:\/\/gresol.org\/es\/wp-json\/wp\/v2\/media?parent=1804"}],"wp:term":[{"taxonomy":"post_tag","embeddable":true,"href":"https:\/\/gresol.org\/es\/wp-json\/wp\/v2\/tags?post=1804"},{"taxonomy":"tribe_events_cat","embeddable":true,"href":"https:\/\/gresol.org\/es\/wp-json\/wp\/v2\/tribe_events_cat?post=1804"}],"curies":[{"name":"wp","href":"https:\/\/api.w.org\/{rel}","templated":true}]}}

XII Premis Gaudí Gresol 2018

<p>La Fundación Gresol ha entregado el 12 de junio los Premios Gaudí Gresol a la Notoriedad y la Excelencia, convertidos ya en todo un referente después de llegar este año a la doceava edición. La Gala, que se ha celebrado al Tecnoparc de firaReus, ha contado, igual que en las últimas ediciones, con el apoyo del Ayuntamiento de Reus. La actriz y presentadora Ivana Miño ha sido la encargada de conducir el acto, que ha reunido más de 400 personas. Esta asistencia muestra, un golpe más, la plena consolidación y arraigo conseguidos por los Premios Gaudí Gresol, que año tras año se arrecian como una de las citas sociales más importantes de la provincia de Tarragona.</p>
<p>La finalidad de estos galardones es la de reconocer la tarea de personas, entidades u organismos que hayan destacado en diferentes disciplinas profesionales, como por ejemplo la científica, económica y empresarial, audiovisual o medioambiental, entre otros. Este año, la participación tanto a la ceremonia de entrega de los premios como a la cena solidaria posterior, ha vuelto a ser un gran éxito, con una nutrida representación de colectivos de todos los ámbitos: político, económico y empresarial, educativo, administrativo, deportivo y social, en general.</p>
<p>La Gala de los XII Premios Gaudí Gresol se ha desarrollado entre las 20 y las 23.30 horas. Previamente, todos los galardonados han tenido la oportunidad de firmar en el Libro de Oro de la Fundación Crisol.</p>
<p>Los galardonados de 2018 han estado:</p>
<p>Carme Pinós (Arquitectura)<br />
María Blasco (Investigación)<br />
Ramon Gomis (Literatura)<br />
Anna Veiga (Ciencia)<br />
Mireia Torres (Medio Ambiente)<br />
Carlos Latre (Televisión)<br />
Òscar Cadiach (Deportes)<br />
Belén Fabra(Cine)<br />
Rafael Matesanz (Medicina)<br />
Risto Mejide (Publicidad)</p>
<p>Compromís Solidario</p>
<p>La Fundación Gresol hace cada año una aportación a un organismo u organización solidaria. Este año, la entidad escogida ha sido la Fundación Bonanit de Tarragona, que desde el 2006 centra sus esfuerzos a ayudar a las personas sin techo.</p>
<p>La Fundación Bonanit, aparte de proporcionar un lugar de pernoctación, presta otras atenciones como las de comedor, higiene personal, lavado de ropa y servicio de consigna. Los beneficiarios son personas sin hogar que buscan trabajo o se encuentran en condiciones de pobreza *cronificada. Además, la entidad ofrece ayudas puntuales a familias en situación de vulnerabilidad. La Fundación Bonanit está presidida por Antoni Coll Gilabert, mientras que las dos vicepresidencias de la organización son ejercidas por Cáritas Diocesana de Tarragona y la Fundación Santa Tecla.</p>
<p>Personalidades asistentes</p>
<p>Todos los premiados han asistido a la Gala y han recogido personalmente el galardón, que consiste en un busto de Gaudí del escultor Joan Matamala. Así mismo, han compartido la velada y la cena con todos los asistentes, entre los cuales ha habido destacadas personalidades que han sido las encargadas de librar los galardones. Entre estos, el Sr. Carles Pellicer, alcalde de Reus; la Sra. María José Figueras, rectora de la URV; el Sr. Josep Maria Tost, director de la Agencia de Residuos de Cataluña; el Sr. Josep Masdeu, vicepresidente segundo de la Diputación de Tarragona; el Sr. Josep Andreu, presidente del Puerto de Tarragona; el Sr. Luis Herrero, subdirector general de Banco Santander; el Sr. Julián Mollá, presidente de la Fundación Crisol; el Sr. Antoni Coll, presidente de la Fundación Bonanit; el Sr. Anton Pont, presidente de honor de la Fundación Crisol, y el Sr. Alejandro Martínez, presidente de Grant Thornton.</p>

<p>La Fundación Gresol ha entregado el 12 de junio los  [&#8230;]</p>
